 is 4105829 + -15?
4105814
In base 6, what is 13432405 + 14054?
13450503
In base 4, what is 2 - -1002111320?
1002111322
In base 12, what is -58a1b - 609?
-59428
In base 12, what is -8a5 + -4b56?
-583b
In base 7, what is 15013 - 4415?
10265
In base 11, what is -37 - 585547?
-585583
In base 7, what is -23 - 36624616?
-36624642
In base 2, what is 100 + -10100100100110100111?
-10100100100110100011
In base 6, what is 413 + -311403?
-310550
In base 9, what is -307246 + 786?
-306350
In base 12, what is -53157 - -440?
-52917
In base 12, what is 2651b90 - -56?
2652026
In base 4, what is -3 - -3203232?
3203223
In base 8, what is 1625 - -63232?
65057
In base 12, what is b3338 - 27?
b3311
In base 15, what is -d4d10 - 0?
-d4d10
In base 16, what is 120 + 1dfc4?
1e0e4
In base 14, what is 290254 - 68d?
28d9a5
In base 7, what is 12512032 - 4?
12512025
In base 3, what is -1011001 + -121011002?
-122022010
In base 10, what is 5 - 598841?
-598836
In base 3, what is 10102 - -101002110201?
101002121010
In base 16, what is -f46 - -3914?
29ce
In base 15, what is 306ed + -30c?
303e1
In base 4, what is 13013223022210 - -1?
13013223022211
In base 3, what is 10122012122 + -10?
10122012112
In base 4, what is 131332030 + 1123223?
133121313
In base 13, what is -3 - -cc56335?
cc56332
In base 5, what is 11413341423 - -3?
11413341431
In base 6, what is 52303 - -213?
52520
In base 13, what is -1721 - -2133?
712
In base 3, what is -101202011222 + 1010?
-101202010212
In base 5, what is -3403 - 334300202?
-334304110
In base 3, what is -2100001200210 + -1102?
-2100001202012
In base 7, what is 2404566626 + -3?
2404566623
In base 5, what is 11 - -104023440?
104024001
In base 3, what is 211001022010 - -1020?
211001100100
In base 3, what is 1022012020 + -10001220?
1012010100
In base 14, what is -3 - 8bdc1bd?
-8bdc1c2
In base 10, what is 49301118 + -1?
49301117
In base 15, what is 7 - 32027a?
-320273
In base 14, what is 5 - 1436d3?
-1436cc
In base 3, what is -1111021 + 10221200022?
10220012001
In base 14, what is -5 - -3a4cca?
3a4cc5
In base 12, what is -a95a4 - -2a?
-a9576
In base 13, what is 6c5bc9b + -17?
6c5bc84
In base 10, what is -3575846 - -1?
-3575845
In base 6, what is -4332523014 + 4?
-4332523010
In base 2, what is -11101101011110 + -1001010001001000?
-1100111110100110
In base 12, what is 346 + 26b36?
27280
In base 12, what is 5 + -5086a28?
-5086a23
In base 7, what is -325002 - -160?
-324512
In base 6, what is 42 + -1025105110?
-1025105024
In base 2, what is -11001001111 - -10000001011000000?
1111110001110001
In base 4, what is -2230000202002 - 0?
-2230000202002
In base 8, what is -2 - -110264551?
110264547
In base 11, what is 2 + 35492aa?
3549301
In base 14, what is -6 + a1d2d03?
a1d2cdb
In base 8, what is -17440121 + -2?
-17440123
In base 15, what is -3 - 8ae6149?
-8ae614c
In base 2, what is -1011001001110101000010 - 10?
-1011001001110101000100
In base 13, what is -1 + -27702517?
-27702518
In base 11, what is -4a98a33 + -16?
-4a98a49
In base 6, what is 5013111 + 121?
5013232
In base 14, what is 3 - 159629d?
-159629a
In base 2, what is -1000111100 - 101111100010?
-111000011110
In base 5, what is 102131 + -21301?
30330
In base 7, what is 21136212 - 41?
21136141
In base 11, what is -11913129 + -2?
-11913130
In base 9, what is 12358 + -5465?
5783
In base 9, what is -27 + -107073?
-107111
In base 3, what is 2 + 2022121002121?
2022121002200
In base 11, what is 8803291 + 1?
8803292
In base 12, what is 663a312 - 2?
663a310
In base 6, what is 2251545550 - 20?
2251545530
In base 11, what is -2174 + a520?
8357
In base 12, what is 4a053 - 8b?
49b84
In base 11, what is -5388128 + -4?
-5388131
In base 11, what is -2a34866 - 0?
-2a34866
In base 5, what is 10 - 1102222430?
-1102222420
In base 3, what is 1110002021001100 + 2?
1110002021001102
In base 15, what is -1a211d - -b3?
-1a205a
In base 9, what is 181612265 + -5?
181612260
In base 7, what is -1255 + -302?
-1560
In base 12, what is -88 - -371b9?
37131
In base 8, what is 1722 - -107271?
111213
In base 4, what is -121113211 - 2322?
-121122133
In base 7, what is 5043641035 - 1?
5043641034
In base 9, what is 7 - -5720087?
5720105
In base 10, what is 49912 - -4260?
54172
In base 11, what is -2 - -a970224a?
a9702248
In base 8, what is -175326 - -410?
-174716
In base 11, what is -1559 + -17271?
-1881a
In base 5, what is -120200212 + 1324?
-120143333
In base 5, what is -2 + -23033223?
-23033230
In base 16, what is 4 - -e421b?
e421f
In base 2, what is -110 - 100010100000010001000?
-100010100000010001110
In base 16, what is 1281 + -80c5?
-6e44
In base 12, what is 40695 - -31a?
409b3
In base 6, what is -25015511034 - -2?
-25015511032
In base 10, what is 429235 - 93?
429142
In base 13, what is -117 - -846c6?
845ac
In base 4, what is 1 + -103112311?
-103112310
In base 4, what is 111030 + 313021?
1030111
In base 2, what is -10001100011011010010010 + -1?
-10001100011011010010011
In base 7, what is -3016431 + 2164?
-3014234
In base 9, what is 3860 + -2623?
1236
In base 2, what is 1101100101001101100 + -10100111?
1101100100111000101
In base 9, what is 258634088 + -2?
258634086
In base 10, what is 6 - -32272164?
32272170
In base 15, what is b7 - -2a9235?
2a92ec
In base 3, what is -22211222 - -202122001?
102210002
In base 16, what is 3 + -1c5954?
-1c5951
In base 3, what is 12 - 221112010012100?
-221112010012011
In base 8, what is 13 + -2423254?
-2423241
In base 11, what is -4 - -11731a8?
11731a4
In base 2, what is -11110000111001110 - -1100001010?
-11101111011000100
In base 2, what is 11101011100000011110001001 + -100?
11101011100000011110000101
In base 16, what is 359 + -16863?
-1650a
In base 7, what is -46 + 410425?
410346
In base 5, what is 44310143 - -320?
44311013
In base 10, what is 3 + 265802499?
265802502
In base 10, what is 1364357 - -5?
1364362
In base 12, what is 2bb5b850 - -4?
2bb5b854
In base 5, what is -23431322213424 - -2?
-23431322213422
In base 14, what is 1818c6 - 31?
181895
In base 4, what is -120131121 + -223?
-120132010
In base 11, what is 1844425 + 2?
1844427
In base 12, what is 43b + -7330?
-6ab1
In base 7, what is -164 + 2041034?
2040540
In base 8, what is -544260 - 10604?
-555064
In base 6, what is -10 + -1045040450?
-1045040500
In base 3, what is 10020110201002 + 12000?
10020110220002
In base 16, what is -230aac - 2?
-230aae
In base 12, what is 3853003 + -b?
3852bb4
In base 14, what is d98c1c + -7?
d98c15
In base 2, what is 101111001100010110 + -100010100?
101111001000000010
In base 16, what is -3 - 5f6a0?
-5f6a3
In base 3, what is 2000 + 120001011200021?
120001011202021
In base 9, what is -337077 + 453?
-336524
In base 14, what is -51 + -15040?
-15091
In base 15, what is 1b056 + 4c?
1b0a3
In base 7, what is 1235251 + -5561?
1226360
In base 4, what is 113211 + -132021120?
-131301303
In base 14, what is 57b0 - -a3d?
640d
In base 15, what is 4dd - 22ce?
-1ce1
In base 2, what is 1001001 + 1010000000000101110101?
1010000000000110111110
In base 10, what is -630831 + 0?
-630831
In base 10, what is 3102 + 253914?
257016
In base 9, what is 7648821 - 12?
7648808
In base 12, what is 83b - 3656?
-2a17
In base 13, what is 1588a08 - 2?
1588a06
In base 13, what is 6b870 - a?
6b863
In base 16, what is 8f76 + 107?
907d
In base 11, what is 2861 + -69911?
-67060
In base 6, what is 145 - -10413200?
10413345
In base 10, what is 20 - 967811?
-967791
In base 15, what is -1868d + 39d?
-182e0
In base 14, what is -216 + -11a91c?
-11ab34
In base 3, what is -1111000110 + -1000202?
-1112001012
In base 7, what is -2545433 + -11?
-2545444
In base 6, what is 30252 - -1125?
31421
In base 2, what is -100110100100001 + -11100111?
-100111000001000
In base 8, what is -175 + 5342246?
5342051
In base 8, what is -33665 + 312066?
256201
In base 12, what is -3 + 965aa5?
965aa2
In base 3, what is -10 + 11220212020211?
11220212020201
In base 15, what is 0 - 1466787d?
-1466787d
In base 9, what is 87 - -1084?
1182
In base 6, what is -12502242322 + -5?
-12502242331
In base 12, what is 562 + 1bb9b?
20541
In base 3, what is -20022002102 + 11001?
-20021221101
In base 9, what is -18 + 220421?
220402
In base 8, what is -3 + 1617015?
1617012
In base 3, what is -20 + -101110100202120?
-101110100202210
In base 2, what is 11000010011101100 - -1000000001111?
11001010011111011
In b